the hundred thousands digit of 246755?
2
What is the units digit of 685028?
8
What is the millions digit of 1151793?
1
What is the units digit of 88890?
0
What is the tens digit of 2744958?
5
What is the hundred thousands digit of 8298151?
2
What is the thousands digit of 22817769?
7
What is the ten thousands digit of 12013084?
1
What is the tens digit of 217899?
9
What is the hundreds digit of 480425?
4
What is the millions digit of 2292167?
2
What is the hundreds digit of 3415105?
1
What is the hundred thousands digit of 1055217?
0
What is the hundred thousands digit of 146493?
1
What is the thousands digit of 15952933?
2
What is the units digit of 1483965?
5
What is the hundred thousands digit of 10970923?
9
What is the hundred thousands digit of 589027?
5
What is the hundred thousands digit of 975691?
9
What is the units digit of 71473?
3
What is the ten millions digit of 18882435?
1
What is the units digit of 1319239?
9
What is the ten thousands digit of 3929421?
2
What is the ten thousands digit of 451020?
5
What is the hundred thousands digit of 410419?
4
What is the hundred thousands digit of 2352971?
3
What is the units digit of 267219?
9
What is the hundred thousands digit of 462789?
4
What is the hundreds digit of 155787?
7
What is the thousands digit of 6598537?
8
What is the thousands digit of 493595?
3
What is the tens digit of 486811?
1
What is the units digit of 172190?
0
What is the units digit of 5712622?
2
What is the hundreds digit of 69149?
1
What is the hundreds digit of 167840?
8
What is the hundred thousands digit of 6695640?
6
What is the units digit of 316754?
4
What is the hundreds digit of 32049212?
2
What is the thousands digit of 5508540?
8
What is the ten millions digit of 22940028?
2
What is the hundred thousands digit of 6017372?
0
What is the hundred thousands digit of 1804833?
8
What is the thousands digit of 9396952?
6
What is the thousands digit of 446048?
6
What is the hundreds digit of 1682286?
2
What is the hundred thousands digit of 8970087?
9
What is the hundreds digit of 221327?
3
What is the millions digit of 1776799?
1
What is the hundred thousands digit of 1795380?
7
What is the thousands digit of 589511?
9
What is the units digit of 66891?
1
What is the ten thousands digit of 18023263?
2
What is the thousands digit of 105414?
5
What is the hundred thousands digit of 173328?
1
What is the hundred thousands digit of 373391?
3
What is the hundreds digit of 1086717?
7
What is the thousands digit of 14504640?
4
What is the thousands digit of 2642180?
2
What is the thousands digit of 6355511?
5
What is the hundreds digit of 369195?
1
What is the tens digit of 2819270?
7
What is the thousands digit of 7972351?
2
What is the hundred thousands digit of 857772?
8
What is the tens digit of 644291?
9
What is the hundred thousands digit of 278290?
2
What is the tens digit of 1261035?
3
What is the hundred thousands digit of 210213?
2
What is the units digit of 1854969?
9
What is the tens digit of 19740379?
7
What is the hundreds digit of 21990290?
2
What is the units digit of 25470674?
4
What is the ten thousands digit of 514792?
1
What is the ten thousands digit of 2294355?
9
What is the units digit of 83018?
8
What is the thousands digit of 287882?
7
What is the hundred thousands digit of 120711?
1
What is the hundred thousands digit of 3460569?
4
What is the tens digit of 14224836?
3
What is the hundred thousands digit of 2333425?
3
What is the units digit of 9377250?
0
What is the units digit of 18903?
3
What is the hundreds digit of 1110888?
8
What is the hundreds digit of 1149408?
4
What is the hundred thousands digit of 643627?
6
What is the tens digit of 3467743?
4
What is the ten thousands digit of 17983659?
8
What is the hundreds digit of 19602888?
8
What is the thousands digit of 435341?
5
What is the hundred thousands digit of 426756?
4
What is the ten thousands digit of 1540656?
4
What is the tens digit of 925689?
8
What is the hundred thousands digit of 205291?
2
What is the units digit of 14936234?
4
What is the ten thousands digit of 11865173?
6
What is the hundreds digit of 7377?
3
What is the hundreds digit of 3088992?
9
What is the thousands digit of 18956899?
6
What is the units digit of 513993?
3
What is the millions digit of 3728082?
3
What is the hundreds digit of 1123329?
3
What is the ten thousands digit of 319918?
1
What is the hundreds digit of 11597157?
1
What is the units digit of 12624397?
7
What is the ten thousands digit of 122470?
2
What is the hundreds digit of 246479?
4
What is the ten thousands digit of 204487?
0
What is the tens digit of 16518843?
4
What is the hundreds digit of 3210708?
7
What is the ten thousands digit of 3530107?
3
What is the thousands digit of 100319?
0
What is the units digit of 6200249?
9
What is the thousands digit of 682804?
2
What is the hundred thousands digit of 672238?
6
What is the tens digit of 2381516?
1
What is the millions digit of 8619050?
8
What is the thousands digit of 2053371?
3
What is the tens digit of 107028?
2
What is the hundred thousands digit of 9622421?
6
What is the hundred thousands digit of 3838680?
8
What is the hundreds digit of 9252240?
2
What is the units digit of 3030100?
0
What is the hundreds digit of 5825254?
2
What is the hundred thousands digit of 30689937?
6
What is the hundreds digit of 3038127?
1
What is the units digit of 8897241?
1
What is the thousands digit of 29522542?
2
What is the units digit of 1930940?
0
What is the thousands digit of 230996?
0
What is the units digit of 827914?
4
What is the ten millions digit of 20821678?
2
What is the ten thousands digit of 67321?
6
What is the thousands digit of 2435610?
5
What is the units digit of 5790681?
1
What is the thousands digit of 32780190?
0
What is the units digit of 1026256?
6
What is the thousands digit of 277469?
7
What is the hundreds digit of 259939?
9
What is the tens digit of 695812?
1
What is the ten thousands digit of 505598?
0
What is the units digit of 643665?
5
What is the units digit of 1753561?
1
What is the units digit of 542359?
9
What is the tens digit of 1312978?
7
What is the units digit of 225773?
3
What is the ten thousands digit of 70413?
7
What is the thousands digit of 30989509?
9
What is the ten thousands digit of 30100550?
0
What is the tens digit of 1926927?
2
What is the millions digit of 1144309?
1
What is the ten thousands digit of 2231855?
3
What is the hundreds digit of 184763?
7
What is the thousands digit of 86890?
6
What is the units digit of 382314?
4
What is the hundreds digit of 469345?
3
What is the ten thousands digit of 9732521?
3
What is the units digit of 8258114?
4
What is the ten thousands digit of 447206?
4
What is the hundred thousands digit of 2273943?
2
What is the tens digit of 11410395?
9
What is the hundreds digit of 8557916?
9
What is the tens digit of 180108?
0
What is the millions digit of 14023985?
4
What is the hundreds digit of 162506?
5
What is the tens digit of 640529?
2
What is the units digit of 3651313?
3
What is the millions digit of 1700495?
1
What is the tens digit of 23994825?
2
What is the ten thousands digit of 623749?
2
What is the tens digit of 260276?
7
What is the tens digit of 5915296?
9
What is the tens digit of 1508193?
9
What is the hundreds digit of 558192?
1
What is the ten thousands digit of 102416?
0
What is the hundred thousands digit of 6695469?
6
What is the hundred thousands digit of 1988325?
9
What is the units digit of 2897032?
2
What is the ten thousands digit of 1563315?
6
What is the hundreds digit of 20267459?
4
What is the ten thousands digit of 24379?
2
What is the hundred thousands digit of 1002947?
0
What is the hundred thousands digit of 5712393?
7
What is the ten millions digit of 10436827?
1
What is the millions digit of 8467594?
8
What is the units digit of 1303278?
8
What is the ten thousands digit of 26408971?
0
What is the units digit of 2130236?
6
What is the hundreds digit of 570068?
0
What is the units digit of 5787290?
0
What is the ten thousands digit of 8566032?
6
What is the tens digit of 319295?
9
What is the thousands digit of 1206124?
6
What is the ten thousands digit of 9646998?
4
What is the hundred thousands digit of 2482388?
4
What is